{"id":994,"date":"2023-11-07T17:26:01","date_gmt":"2023-11-07T16:26:01","guid":{"rendered":"https:\/\/isarautoren.de\/?page_id=994"},"modified":"2023-11-07T17:26:01","modified_gmt":"2023-11-07T16:26:01","slug":"wer-wir-sind","status":"publish","type":"page","link":"https:\/\/isarautoren.de\/","title":{"rendered":"Wer wir sind"},"content":{"rendered":"\n<p><strong>Wir sind:<\/strong> Geschichtenerfinder, Funkelaugenzauberer, Tintenmagier, Tr\u00e4umeschreiberlinge, Buchstabensuppennudelsortierer \u2026<br>\u2026aber vor allem sind wir<\/p>\n\n\n\n<p><strong>Kinder- &amp; Jugendbuchautoren und -autorinnen aus Bayern und haben schon \u00fcber 600 B\u00fccher ver\u00f6ffentlicht.\u00a0<\/strong><\/p>\n\n\n\n<p><strong>Wir bieten wertvolle Begegnungen im Rahmen individueller Lesungen, in denen wir:<\/strong><\/p>\n\n\n\n<p>Geschichten erlebbar werden lassen, \u00fcbers Schreiben erz\u00e4hlen, Fragen beantworten,Buchdeckelgeheimnisse verraten, Kreativit\u00e4t befl\u00fcgeln, Lesehunger wecken und B\u00fcchermagie zaubern. F\u00fcr die zuh\u00f6renden Kinder und Jugendliche ein unvergessliches Erlebnis!<\/p>\n","protected":false},"excerpt":{"rendered":"<p>Wir sind: Geschichtenerfinder, Funkelaugenzauberer, Tintenmagier, Tr\u00e4umeschreiberlinge, Buchstabensuppennudelsortierer \u2026\u2026aber vor allem sind wir Kinder- &amp; Jugendbuchautoren und -autorinnen aus Bayern und haben schon \u00fcber 600 B\u00fccher ver\u00f6ffentlicht.\u00a0 Wir bieten wertvolle Begegnungen im Rahmen individueller Lesungen, in &hellip;<\/p>\n","protected":false},"author":1,"featured_media":0,"parent":0,"menu_order":0,"comment_status":"closed","ping_status":"closed","template":"","meta":[],"_links":{"self":[{"href":"https:\/\/isarautoren.de\/index.php\/wp-json\/wp\/v2\/pages\/994"}],"collection":[{"href":"https:\/\/isarautoren.de\/index.php\/wp-json\/wp\/v2\/pages"}],"about":[{"href":"https:\/\/isarautoren.de\/index.php\/wp-json\/wp\/v2\/types\/page"}],"author":[{"embeddable":true,"href":"https:\/\/isarautoren.de\/index.php\/wp-json\/wp\/v2\/users\/1"}],"replies":[{"embeddable":true,"href":"https:\/\/isarautoren.de\/index.php\/wp-json\/wp\/v2\/comments?post=994"}],"version-history":[{"count":1,"href":"https:\/\/isarautoren.de\/index.php\/wp-json\/wp\/v2\/pages\/994\/revisions"}],"predecessor-version":[{"id":995,"href":"https:\/\/isarautoren.de\/index.php\/wp-json\/wp\/v2\/pages\/994\/revisions\/995"}],"wp:attachment":[{"href":"https:\/\/isarautoren.de\/index.php\/wp-json\/wp\/v2\/media?parent=994"}],"curies":[{"name":"wp","href":"https:\/\/api.w.org\/{rel}","templated":true}]}}